 List the prime factors of i.
11383
What are the prime factors of 4 - ((-12)/(-10) + 1323168/(-240))?
2, 7, 197
Suppose 7*j = 4*j + 3696. Suppose j + 1118 = 10*b. Suppose 0 = 6*u - b - 137. What are the prime factors of u?
2, 31
What are the prime factors of (5 - -33)*(850 + 16)?
2, 19, 433
Let a(i) be the second derivative of -2*i**3/3 + i**2 - 13*i. Let g be a(-1). Suppose -2*l + g*l - 280 = -5*z, 2*l = z - 56. What are the prime factors of z?
2, 7
Let t(l) = -l**2 - 15*l + 97. Let x be t(-20). Let k(s) = -7*s - 3. What are the prime factors of k(x)?
2, 3
Let c(p) = -p**2 - 20*p - 33. Let a be c(-18). Let o be -79*(-2 - (5 - 6/a)). Suppose -72*i - o = -77*i. What are the prime factors of i?
79
Let k = 2187 - 1292. List the prime factors of k.
5, 179
Let f be 3/12 - (-4 - 45353/28). Let j = -500 + f. What are the prime factors of j?
2, 281
Suppose -105 = -2*g + 87. Let x = -95 + g. Let k(o) = 162*o**3 + 2*o - 1. What are the prime factors of k(x)?
163
Let h be ((-28)/6)/((54/(-6))/(-162)). Let m = h - -263. List the prime factors of m.
179
Let u = -41 + 291. Let t = 247 + u. What are the prime factors of t?
7, 71
Let s(c) = -867*c - 58. Let o be s(18). Let p be (-4)/(-14) - o/56. Let z = p + -108. What are the prime factors of z?
2, 43
Let m = -224 + 224. List the prime factors of m/(-5) + -6 - -457.
11, 41
Suppose 0 = -3*k + 5*u - 54 + 613, -4*u = -4*k + 732. Let l = k + 243. List the prime factors of l.
421
Let s(u) = 1477*u - 2333. List the prime factors of s(9).
2, 5, 137
Suppose 4*w - 1796 = -4*v, -3*v - 6*w = -w - 1351. What are the prime factors of v?
3, 149
Let k(a) = a**3 - 17*a**2 + 72*a - 122. What are the prime factors of k(14)?
2, 149
Suppose 27*v - 193499 = -20*v. What are the prime factors of v?
23, 179
Let q = -383 - -539. Let j = -51 + q. What are the prime factors of j?
3, 5, 7
Suppose -5*j + 2*l = 8, 0*j - j - 16 = -4*l. What are the prime factors of 159*(j - (-55)/15)?
11, 53
Let m(h) = -5*h**3 + 9*h. Suppose -v = -4*o - 8, 0 = -6*o + 2*o + 3*v. What are the prime factors of m(o)?
2, 3
Let z = -32 - -34. Suppose 0*j + z*j - 1938 = -5*k, -j = 2*k - 775. List the prime factors of k.
2, 97
Let i(y) = -5*y**2 - 5*y + 2. Let j(b) be the second derivative of b**4/12 + b**3/6 - b**2/2 + 12*b. Let a(h) = -i(h) - 3*j(h). List the prime factors of a(7).
113
Suppose 20*u - 364012 = 134628. List the prime factors of u.
2, 23, 271
Let n(v) = 48*v**2 + 6*v - 20. Let d be n(-6). Let u = -1098 + d. What are the prime factors of u?
2, 7, 41
Let x(z) = 3148*z - 1440. What are the prime factors of x(10)?
2, 5, 751
Let u be -1*2 + 5 - (19 + -4). Let t(d) = -54*d - 40. Let l be t(u). Suppose -168 = -4*m + l. What are the prime factors of m?
2, 97
Let w be -1 + 6 + 0/(-52). List the prime factors of 8 - w - (-600 - -1).
2, 7, 43
Let v = 975 + -1686. Let l = v - -1192. List the prime factors of l.
13, 37
Suppose 6960 = 4*h - l, 3*h - 28*l + 32*l - 5220 = 0. What are the prime factors of h?
2, 3, 5, 29
Suppose 0 = -3*o - 9 + 21. Suppose -3*p - 5*y - 149 = -o*p, 3*p + y - 463 = 0. Suppose 0*q - p = -q + 2*r, -4*q - 4*r = -604. List the prime factors of q.
2, 19
Suppose -n + 23 = 3*g + 2*g, -g = 2*n - 10. Suppose 0 = x + 2*u - n*u - 238, 4*u = -x + 263. List the prime factors of x.
3
Let f = 235552 - 154975. List the prime factors of f.
3, 7, 1279
List the prime factors of 1*7 + (-32)/((-576)/44370).
2, 3, 103
Suppose 0 = -z + 6*z - 15. Let y(c) = -114*c - 104. Let q be y(-1). Suppose z*g - 3*t + 2*t - 19 = 0, 5*t + q = -2*g. List the prime factors of g.
5
Let z(o) be the first derivative of 87*o**2/2 - 42*o - 19. What are the prime factors of z(9)?
3, 13, 19
Let o(m) = -18*m**2 - 21 - 12*m**2 + 26*m**2 - 2. Let k be o(-11). What are the prime factors of k/(-7) + (-36)/84?
2, 3
Suppose 41*f - 33*f - 320 = 0. Suppose 0 = 2*r - 3*i - 50, 2*i + 90 = 3*r + 5*i. Let s = f - r. List the prime factors of s.
2, 3
Let d(a) = a**3 - 21*a**2 + 3. Let z be d(9). Let v = z - -1520. List the prime factors of v.
19, 29
Let q be (-4)/(-6) + (-525)/(-63). Suppose 2*w - 23 - q = 0. List the prime factors of (-1 + 0)/(w/(-3088)).
193
Let v(a) = -a**3 - a**2 - 8*a + 1. Let f be v(-6). Let b = 452 - f. Suppose -165 = -4*d + b. What are the prime factors of d?
97
Let l(c) = c**3 + 11*c**2 - 7*c + 12. Suppose -14*k - 78 = -k. List the prime factors of l(k).
2, 3, 13
List the prime factors of 2084 + (-14 - -15) + -15.
2, 3, 5, 23
Let v(h) = -h**3 - 4*h**2 - 3*h + 13. Let f be ((-3)/2)/(-2 + 375/192). Let p be (2 + f/(-12))*(0 + 9). What are the prime factors of v(p)?
103
What are the prime factors of (9 - 64824)/(-5) - (-6 - 10/5)?
7, 17, 109
Let t = -153 - -158. Suppose 96 = -j + t*j. List the prime factors of j.
2, 3
Suppose 3589 = 4*g + 5*h, -3*g - 263*h + 2689 = -262*h. List the prime factors of g.
2, 7
Suppose -48*w + 50*w = c - 6392, 3*c = -5*w + 19176. List the prime factors of c.
2, 17, 47
Suppose -563*n + 551*n + 21912 = 0. List the prime factors of n.
2, 11, 83
Let h = -22 - -27. Suppose -6 = h*c + 14, 5*y + c = -2074. Let u = y + 612. What are the prime factors of u?
2, 3, 11
Suppose -13*l = -24*l + 33. List the prime factors of l - (12 - 6) - -167.
2, 41
What are the prime factors of 620/(-160) + 4 + -4021*(-131)/8?
2, 3, 31, 59
Suppose -2*b = 4*j - 38, -2*b - 67 = -5*j + 2*b. Suppose j*u - 5274 = 2*u. What are the prime factors of u?
2, 293
Suppose -8*a - 93942 + 527206 = 0. What are the prime factors of a?
2, 13, 2083
Suppose -28*t = -63 - 21. Suppose v + 1497 = t*i - 0*v, 3*v = 9. List the prime factors of i.
2, 5
Suppose -114*u + 87*u = -222750. What are the prime factors of u?
2, 3, 5, 11
List the prime factors of (-45)/10*((-128)/24)/8 - -2673.
2, 3, 223
Let t(n) = n**3 + 20*n**2 + 22*n + 31. Let b(i) = 2*i - 57. Let x be b(21). What are the prime factors of t(x)?
2, 7, 59
Suppose -4*x + 4*k - 476 = 0, 8*x - x = 2*k - 823. Suppose 156 = 3*v - 633. Let b = v + x. List the prime factors of b.
2, 73
List the prime factors of (-83110)/(-4)*(-4)/(-10).
8311
Let p(a) = -8*a**3 + a**2 - 8*a + 26. What are the prime factors of p(-11)?
10883
Let o = 3377 - -15291. List the prime factors of o.
2, 13, 359
Let y(j) = 4*j**2 - 4*j + 1. Suppose 0 = f + 2*x - 5*x - 20, -x + 8 = f. Suppose -n + f = 8. List the prime factors of y(n).
5
Let w(h) = -86 + 28*h - 96 + 2*h**3 + 259 + 22*h**2 - 88. What are the prime factors of w(-8)?
149
Suppose -12*x + 11*x - 20 = 0. Let r = -18 - x. Suppose -10 = -m - 5*k, 0*k + r*k = 0. List the prime factors of m.
2, 5
Let z = -93 + 160. Let o = z - 31. Suppose -7*c - o = -302. List the prime factors of c.
2, 19
Suppose -3*d - 5*k + 2914 = -4209, -d = -5*k - 2341. List the prime factors of d.
2, 7, 13
Suppose -14*x + 14557 + 27300 = -48107. List the prime factors of x.
2, 3, 7, 17
Let i(b) = b**3 + 27*b**2 + 3 - 54*b**2 - b - 4*b + 31*b**2. Let n be i(-5). Suppose -880 = -5*x - 3*p, -x + 4*p - n*p = -184. What are the prime factors of x?
179
Suppose 0 = 40*h + 13*h - 49979. List the prime factors of h.
23, 41
Suppose -10 + 25 = 5*v. Suppose 0*n + 1341 = 2*s + n, 2*s = v*n + 1329. What are the prime factors of s?
3, 223
What are the prime factors of (119/21)/(6/21663) - 4/8?
41, 499
Let l(k) = 702*k**3 + 3*k**2 + k + 5. Let m(c) = -2102*c**3 - 8*c**2 - 3*c - 14. Let t(g) = -8*l(g) - 3*m(g). List the prime factors of t(1).
3, 7, 11
Let y(s) be the second derivative of 0 - 1/2*s**3 + 18*s - 5/12*s**4 - 1/20*s**5 - 5/2*s**2. What are the prime factors of y(-8)?
211
Let v be 4/14 + (-1)/(21/(-57)). What are the prime factors of (1/((-3)/(-55)))/(1/v)?
5, 11
Suppose -5*u + 168375 = -5*a, 20 = -180*a + 184*a. List the prime factors of u.
2, 5, 421
What are the prime factors of (2 + -6303)/(1/(13/(91/(-14))))?
2, 6301
Suppose 3*y - 5*l = 38754, 2*y + 50*l - 25832 = 54*l. What are the prime factors of y?
2, 101
Let w = 604 + -784. Let d = w - -1231. List the prime factors of d.
1051
Let q(n) = 8*n**2 + 9*n - 39. Let d be q(10). Let h = d - 403. List the prime factors of h.
2, 7
Suppose b - 2*v - 2340 = 3*v, v - 11648 = -5*b. Suppose -b = -4*i + 594. Suppose 660 = 4*z + 5*j, -3*z + i = -4*j + 236. What are the prime factors of z?
3, 5, 11
Let a be (2 + 9/(-6))/((-1)/(-90)). Let s = a + -43. Suppose 2*x - 4*q - 4 - 52 = 0, -5*x = -s*q - 108. Li